*5/60 + c**4/3 + c**3/3 + c**2. Let j be -2 - -4 - -12 - 8. Calculate the remainder when 26 is divided by y(j).
12
Let o(u) = -u**2 - 8*u - 5. Let k be o(-7). Suppose -k*w - 3*d = -0*d - 19, -2*w - 4*d = -14. Calculate the remainder when 74 is divided by w.
6
Let q(b) = -4*b + 2 + 11*b**2 + 2*b**3 + 0*b**3 + 5*b + 4*b**2. Calculate the remainder when 84 is divided by q(-7).
40
What is the remainder when 48 is divided by (-692)/(-22) + (-61)/((-4697)/42)?
16
Let m(y) = 2*y**3 - 3*y**2 - 5*y + 6. Let l be m(3). What is the remainder when ((-91)/(-3) + -1)*108/l is divided by 30?
26
Let y = 292 + -60. Suppose -236*j = -2234 - 834. Calculate the remainder when y is divided by j.
11
Suppose -30*s = -22*s + 16. Calculate the remainder when (-4)/(-3) - s/(24/908) is divided by 3.
2
Let r = -6446 - -6583. What is the remainder when 2464 is divided by r?
135
Suppose -145*y + 144*y - 93 = 0. Let d = y + 119. Calculate the remainder when d is divided by 17.
9
Suppose -2*c - 3*c - 6*c = 0. Let a(d) = 2*d**2 + 3*d + 45. Calculate the remainder when a(c) is divided by 8.
5
Suppose -c + 453 - 134 = 5*v, 0 = -3*c - v + 1055. Calculate the remainder when c is divided by 83.
22
Suppose -2*c + 14 = -4*y + 8*y, 2 = -2*y. Calculate the remainder when 331 is divided by c.
7
What is the remainder when 5/(-15) - (-151)/3 is divided by 2/10*(-16 + (105 - 4))?
16
Suppose -5*u + 2*x = -735, 20*u - 22*u = -2*x - 300. Suppose -379 = -6*c - u. Calculate the remainder when c is divided by 13.
0
Let q = -72 + 160. Let p = q - 49. Let t(v) = 6*v**3 - v**2 - v + 4. What is the remainder when t(3) is divided by p?
37
Let j(f) = -f**3 + 10*f**2 - 3. Let o be j(10). Let t be 4 + (o - (-268)/(-4)). Calculate the remainder when (-1)/(-3)*t/(-11) is divided by 2.
0
Let r = -88 + 99. Suppose 12*k - r*k - 4*u - 72 = 0, -326 = -5*k + 3*u. Calculate the remainder when k is divided by 36.
28
Let x(s) = 200*s - 62. Let v be x(2). What is the remainder when 168 is divided by v/8 - (-378)/216?
36
Let x(n) = -2*n**2 + 15*n - 14. Suppose 0 = -5*z + l + 16, -20 = 8*l - 13*l. Let y(q) = 5*q**3 - q + 2. Calculate the remainder when y(2) is divided by x(z).
12
Let f = -2782 - -2844. What is the remainder when 1344 is divided by f?
42
Let k(x) = -3*x**2 + 27*x - 44. Let u be k(11). Let a = u + 287. What is the remainder when a is divided by 26?
21
Let h(p) = -5*p + 32. Let c be h(-14). Suppose 3*m - 3*t - 120 - c = 0, -5*m = 3*t - 394. What is the remainder when 3 is divided by 7/(-2)*(-66)/m?
0
Suppose 94*y = 70*y - 46*y + 201390. What is the remainder when 2879 is divided by y?
2
Suppose -5*z + 28 = 8. Suppose -8 = -z*f - b + 6, 0 = 2*f - 3*b. What is the remainder when f is divided by 2?
1
Suppose 5*a + 242 = y - 0*a, 1 = a. Let t = y + -243. What is the remainder when 23 is divided by t?
3
Let t = 8 + -6. Let g = -601 + 603. Suppose 5*c = -g*m + 34, m - t*c - 14 = 21. Calculate the remainder when 105 is divided by m.
24
Suppose -4*q + 2*s = -682 + 266, -2*q - 2*s + 226 = 0. Calculate the remainder when 327 is divided by q.
6
Let h = -40 + 79. Let a be h/18 - 3/18. Suppose 0 = -2*v + 4*o + 40, -o + 5 = -a*o. Calculate the remainder when 17 is divided by v.
7
Let g = 118 + 36. Suppose u - g = 3*n, -181 = -u - 2*n - 12. Let h = 175 - 142. What is the remainder when u is divided by h?
31
Let g = 38 - 34. Suppose 223 + 45 = 4*b - g*s, 4*b - 5*s - 272 = 0. What is the remainder when 75 is divided by 837/b - 2/7?
10
Let z(i) = 20*i**3 - 2*i**2 + 3. Let l be z(1). What is the remainder when 6 is divided by 17/3 + 7 + (-140)/l?
0
Let g = 542 + -484. Let t(d) = -d**3 - 6*d**2 - 2*d + 7. Let v be t(-5). Let k = 24 + v. Calculate the remainder when g is divided by k.
10
Let y(p) = p**3 - 21*p**2 + 52*p + 1. What is the remainder when 4526 is divided by y(19)?
254
Let c(n) = -49*n + 155. Let b be c(8). Let q = b - -307. Calculate the remainder when q is divided by 9.
7
What is the remainder when (((-2)/1)/(-4))/((-10)/(-20)) + 855 is divided by 148?
116
Suppose -104 = 35*v - 39*v. Let y be (-5 + (v - -2))*(-2)/2. Calculate the remainder when 31 is divided by (-33 + -1)*y/46.
14
Suppose -19*t - 19*t + 4584 = -26*t. What is the remainder when t is divided by 75?
7
Let z be 14672/272 + (-5)/(-85). Suppose j - 4*c - z = 0, 0 = 2*j - 44*c + 45*c - 117. What is the remainder when j is divided by 16?
10
Let i be (4/2)/(1/(-2)). Let x = 29 + i. Let q(z) = 48*z + 3119. Calculate the remainder when q(-64) is divided by x.
22
Let m(r) be the second derivative of 21/2*r**2 - 15*r + 0 + 5*r**3. Calculate the remainder when m(3) is divided by 57.
54
Suppose 6*n - 25 - 71 = 0. Suppose n*v - 1822 + 142 = 0. Suppose w - 75 = -3*w + h, -5*w - h = -v. What is the remainder when 77 is divided by w?
17
Suppose 21*r - 26*r = -300. Calculate the remainder when r/((32/(-64))/((-1)/2)) is divided by 9.
6
Suppose 0 = 16*v - 5*v - 5038. Suppose 14*g - 942 = v. Calculate the remainder when g is divided by 26.
22
Suppose 5 - 5 = 10*u. Let a(k) = -k**2 + 14*k + 65. Calculate the remainder when 324 is divided by a(u).
64
Let u be 7/(-7) + (-4 - 390/3). Let z = u - -152. What is the remainder when z is divided by 5?
2
Suppose 0 = n - 78*n - 270*n + 330691. Calculate the remainder when n is divided by 48.
41
Let k(i) = -2*i**3 - 10*i**2 + 4*i - 5. Suppose -5*c - 2*c - 49 = 0. Let q be k(c). Suppose -179 - q = -6*x. What is the remainder when x is divided by 10?
7
Suppose -16*q = 13*q - 27*q - 1122. Calculate the remainder when q is divided by 12.
9
Suppose -2*t + 78 = t. Let c = -40 + t. Let u = c - -50. Calculate the remainder when 107 is divided by u.
35
Suppose 883*m - 145 = 854*m. What is the remainder when 70 is divided by m?
0
Let o be 2*270/12 - -1. Suppose -o*l + 51*l = 1550. What is the remainder when l is divided by 24?
22
Let c(h) = h**2 + 453*h + 5739. What is the remainder when 1437 is divided by c(-13)?
12
Suppose 2*i - 25 = 11. Suppose x = -2*x - 4*a - 17, i = -2*x + 4*a. What is the remainder when 43 is divided by (11/3)/(x/(-21))?
10
Calculate the remainder when 1112 is divided by (-232)/10*(17 - 507/26).
10
Suppose 3*l - 3 - 6 = 0. Suppose 4*x + 642 = l*j + 5*x, j + 2*x = 219. Let v = 81097 - 81070. What is the remainder when j is divided by v?
24
Let y(s) = 5*s - 65. What is the remainder when 536 is divided by y(27)?
46
Let p be 5/(0 - 1 - -2). Suppose -r + 0 - 19 = -3*k, 0 = 3*r - p*k + 57. Let w = 32 + r. Calculate the remainder when 103 is divided by w.
12
Suppose -5*n = -m - 207 + 612, -n + 1973 = 5*m. Suppose 11079 - 137656 = -2362*k - 13756 + 76139. Calculate the remainder when m is divided by k.
75
Suppose 47*m = 46*m + 160. What is the remainder when 76 is divided by (-1)/(-8) + 5900/m?
2
Let z = -57 - -69. Calculate the remainder when 63 is divided by (-18)/z*110/(-15).
8
What is the remainder when ((-1652)/(-3009)*-17)/(0 - 4/978) is divided by 10?
2
Let d(z) = 26*z + 73. Let u be d(5). Let g = -153 + u. What is the remainder when g is divided by 38?
12
Suppose -n = -4*v + 5*v, 3*v - 4*n - 14 = 0. Suppose b - 4 = 0, 4*k + 6 = v*b + 50. Calculate the remainder when k is divided by -2 - 0 - (-12)/2.
1
Let k(w) = -13*w + 106. Let b be k(27). Let q = b - -305. What is the remainder when 69 is divided by q?
9
Let n(c) be the third derivative of c**5/10 - c**4/2 - 43*c**3/6 - 25*c**2 + 3. Calculate the remainder when n(-5) is divided by 28.
27
Let o = -4257 + 4530. Calculate the remainder when 292 is divided by o.
19
Let s be 3/9 - (-2784)/18. Suppose -s - 153 = -7*k. Calculate the remainder when k is divided by 9.
8
Let i be 3561/9 - (-8)/(-12). Suppose 4*t + t = i. Let k = t + -42. What is the remainder when k is divided by 20?
17
Calculate the remainder when ((-40)/(-4) - -207) + 1 + 8 is divided by 34.
22
Suppose -4*p = -p + 4*v - 3858, -2*v = -5*p + 6404. Calculate the remainder when p is divided by 6.
4
Let k = 113 + -108. Suppose 3*w + k*j - 52 = 3, -4*w = j - 96. Suppose -a + w = -2*s + 113, 5*s - 226 = a. Calculate the remainder when s is divided by 4.
2
Let t = -771 + 885. What is the remainder when t is divided by 83?
31
Suppose 4*u + 59 = 303. Let r = 197785 - 197605. Calculate the remainder when r is divided by u.
58
Let d(i) = -10*i + 14*i - 12 + 52. What is the remainder when d(5) is divided by 